{"id":111,"date":"2024-07-31T13:13:44","date_gmt":"2024-07-31T11:13:44","guid":{"rendered":"https:\/\/woo.odyzeoclients.com\/?post_type=product&#038;p=111"},"modified":"2024-07-31T13:14:54","modified_gmt":"2024-07-31T11:14:54","slug":"daiwa-tournament-pro-12ft","status":"publish","type":"product","link":"https:\/\/woo.odyzeoclients.com\/?product=daiwa-tournament-pro-12ft","title":{"rendered":"Daiwa Tournament Pro 12ft   <br> RODS"},"content":{"rendered":"<p>Dizajn Tournament Pro bol navrhnut\u00fd pre t\u00fdch, ktor\u00ed s\u00fa na vrchole hry. Tento rad je postaven\u00fd na uhl\u00edkovej technol\u00f3gii HVF nanoplus. Toto najnov\u0161ie vysokoobjemov\u00e9 vl\u00e1kno zais\u0165uje pozoruhodn\u00fa pevnos\u0165 v \u0165ahu a silu, ale na \u00farovniach perovej hmotnosti.<\/p>\n<p>\u0160es\u0165 modelov pod\u00e1va\u010dov pokr\u00fdva d\u013a\u017eky od 9&#8242; do 13&#8242;. V ponuke 2ks, 10&#8242; a 11&#8242;. Dvojit\u00e9 ed\u00edcie s\u00fa k dispoz\u00edcii v 9\/10, 10\/11 a 12\/13, av\u0161ak je to 3pc 12Q, ktor\u00fd sme vyvinuli so Stevom Ringerom, ktor\u00fd je prelomov\u00fd. Ka\u017ed\u00fd pr\u00fat je dod\u00e1van\u00fd s tromi tulecmi Megatop.<\/p>\n<p>V\u0161etky modely s\u00fa vybaven\u00e9 o\u010dkami LS Zirconia, ale d\u00f4le\u017eitej\u0161ie s\u00fa aj vynikaj\u00face dizajn rukov\u00e4te. Exkluz\u00edvne sedlo navijaka Tournament obklopuje kombin\u00e1cia Armlock z vysoko kvalitnej EVA a jemn\u00e9ho korku. Povrchov\u00e1 \u00faprava s eloxovan\u00fdmi \u010derven\u00fdmi kovov\u00fdmi prvkami a ikonick\u00e9 logo Tournament je tie\u017e vyrazen\u00e9 do rukov\u00e4te.<\/p>\n<p>Dizajn Tournament Pro bol navrhnut\u00fd pre t\u00fdch, ktor\u00ed s\u00fa na vrchole hry. Tento rad je postaven\u00fd na uhl\u00edkovej technol\u00f3gii HVF nanoplus. Toto najnov\u0161ie vysokoobjemov\u00e9 vl\u00e1kno zais\u0165uje pozoruhodn\u00fa pevnos\u0165 v \u0165ahu a silu, ale na \u00farovniach perovej hmotnosti.<\/p>\n<p>\u0160es\u0165 modelov pod\u00e1va\u010dov pokr\u00fdva d\u013a\u017eky od 9&#8242; do 13&#8242;. V ponuke 2ks, 10&#8242; a 11&#8242;. Dvojit\u00e9 ed\u00edcie s\u00fa k dispoz\u00edcii v 9\/10, 10\/11 a 12\/13, av\u0161ak je to 3pc 12Q, ktor\u00fd sme vyvinuli so Stevom Ringerom, ktor\u00fd je prelomov\u00fd. Ka\u017ed\u00fd pr\u00fat je dod\u00e1van\u00fd s tromi tulecmi Megatop.<\/p>\n<p>V\u0161etky modely s\u00fa vybaven\u00e9 o\u010dkami LS Zirconia, ale d\u00f4le\u017eitej\u0161ie s\u00fa aj vynikaj\u00face dizajn rukov\u00e4te. Exkluz\u00edvne sedlo navijaka Tournament obklopuje kombin\u00e1cia Armlock z vysoko kvalitnej EVA a jemn\u00e9ho korku. Povrchov\u00e1 \u00faprava s eloxovan\u00fdmi \u010derven\u00fdmi kovov\u00fdmi prvkami a ikonick\u00e9 logo Tournament je tie\u017e vyrazen\u00e9 do rukov\u00e4te.<\/p>\n<p>HVF Nanoplus<\/p>\n<p>Technol\u00f3gia V-Joint Carbon<\/p>\n<p>Matt Black Daiwa Tournament sedlo navijaka<\/p>\n<p>Downlocking EVA predn\u00e1 rukov\u00e4\u0165<\/p>\n<p>Turnajov\u00e1 embosovan\u00e1 rukov\u00e4\u0165 EVA Armlock<\/p>\n<p>Anti Tangle LS zirk\u00f3nov\u00e9 vodidl\u00e1<\/p>\n<p>Dod\u00e1va sa s 3 megatopov\u00fdmi hrotmi (12&#8217;6&#8243; a 13&#8217;6&#8243; modely dod\u00e1van\u00e9 s nov\u00fdmi CT hrotmi)<\/p>\n","protected":false},"excerpt":{"rendered":"<p>Dizajn Tournament Pro bol navrhnut\u00fd pre t\u00fdch, ktor\u00ed s\u00fa na vrchole hry. Tento rad je postaven\u00fd na uhl\u00edkovej technol\u00f3gii HVF nanoplus. Toto najnov\u0161ie vysokoobjemov\u00e9 vl\u00e1kno zais\u0165uje pozoruhodn\u00fa pevnos\u0165 v \u0165ahu a silu, ale na \u00farovniach perovej hmotnosti. \u0160es\u0165 modelov pod\u00e1va\u010dov pokr\u00fdva d\u013a\u017eky od 9&#8242; do 13&#8242;. V ponuke 2ks, 10&#8242; a 11&#8242;. Dvojit\u00e9 ed\u00edcie s\u00fa [&hellip;]<\/p>\n","protected":false},"featured_media":112,"comment_status":"open","ping_status":"closed","template":"","meta":[],"product_cat":[22],"product_tag":[20],"class_list":{"0":"post-111","1":"product","2":"type-product","3":"status-publish","4":"has-post-thumbnail","6":"product_cat-udice","7":"product_tag-plavana","9":"first","10":"instock","11":"taxable","12":"shipping-taxable","13":"purchasable","14":"product-type-simple"},"_links":{"self":[{"href":"https:\/\/woo.odyzeoclients.com\/index.php?rest_route=\/wp\/v2\/product\/111","targetHints":{"allow":["GET"]}}],"collection":[{"href":"https:\/\/woo.odyzeoclients.com\/index.php?rest_route=\/wp\/v2\/product"}],"about":[{"href":"https:\/\/woo.odyzeoclients.com\/index.php?rest_route=\/wp\/v2\/types\/product"}],"replies":[{"embeddable":true,"href":"https:\/\/woo.odyzeoclients.com\/index.php?rest_route=%2Fwp%2Fv2%2Fcomments&post=111"}],"wp:featuredmedia":[{"embeddable":true,"href":"https:\/\/woo.odyzeoclients.com\/index.php?rest_route=\/wp\/v2\/media\/112"}],"wp:attachment":[{"href":"https:\/\/woo.odyzeoclients.com\/index.php?rest_route=%2Fwp%2Fv2%2Fmedia&parent=111"}],"wp:term":[{"taxonomy":"product_cat","embeddable":true,"href":"https:\/\/woo.odyzeoclients.com\/index.php?rest_route=%2Fwp%2Fv2%2Fproduct_cat&post=111"},{"taxonomy":"product_tag","embeddable":true,"href":"https:\/\/woo.odyzeoclients.com\/index.php?rest_route=%2Fwp%2Fv2%2Fproduct_tag&post=111"}],"curies":[{"name":"wp","href":"https:\/\/api.w.org\/{rel}","templated":true}]}}